-3)/(-1)). Let v(z) = i*z + 1 - 19*z + 16*z. What is v(1)?
2
Let w(g) = -72*g - 198 + 39 + 60 + 9 + 6*g**2 + 10. Give w(13).
-2
Suppose 0 = -2*f + 8, 0 = -3*p - 0*p + 5*f + 7. Suppose 46 + p = 11*s. Let a(i) = -2*i**3 + 0 + s*i**2 - 5*i - 3 + 2*i + i**3. Determine a(3).
6
Let l(q) = q**2 + 10*q + 13. Suppose -33*y = -30*y - 18. Suppose -2*h - 12 = y. What is l(h)?
4
Let m(j) be the first derivative of 8*j**3/3 + j + 19. Calculate m(-3).
73
Let h(b) = b + 2. Let o = -342 + 100. Let f = o + 246. Determine h(f).
6
Suppose -g - 302 = -349. Let t = g - 43. Let w(p) = -p**3 + 4*p**2 + p + 5. What is w(t)?
9
Let m(z) = 20 - 3*z + 8*z + 23*z - 59*z + z**2. Give m(30).
-10
Let v(g) be the third derivative of -g**7/5040 - g**6/48 - g**5/5 - g**4/8 - 74*g**2. Let k(j) be the third derivative of v(j). Give k(-7).
-8
Let o be (-20)/(-25)*(-350)/(-28). Let c(n) = 5 - 22*n**3 - o*n**2 - 19*n**3 + 9*n - 21*n**3 - 23*n**3 + 86*n**3. Give c(9).
5
Let l be (19 + 12 - 33)/(1/2). Let t(j) = -6*j**2 + 24. Give t(l).
-72
Let k(o) be the second derivative of -o**4/12 + 3*o**3 + 17*o**2/2 - 3*o. Let u be ((-36)/(-144))/(2/56) - -12. Determine k(u).
-2
Suppose 160 = 4*m + 4*m. Let y(w) be the first derivative of -w**3/3 + 21*w**2/2 - 26*w - 612. Determine y(m).
-6
Let f(k) = -5*k**3 - k**2 + 5*k - 4. Let t = 672 - 729. Let b be (-2 - t/27)*(11 - 2). Give f(b).
-5
Let w(y) = 24*y + y**2 - 14*y**2 - 18*y - 13*y. Let g(f) = 28*f**2 + 15*f. Let x(a) = 6*g(a) + 13*w(a). Determine x(2).
-6
Suppose -5*g = -x - 81 + 55, x = 4*g - 22. Let j(m) = m**2 + 4*m - 22. Determine j(x).
-10
Let f(l) = 2*l + 16. Let r(w) = 5*w + 31. Let c(v) = 7*f(v) - 3*r(v). Let k be c(-3). Let x(o) = -k*o - 22*o + 46*o. Calculate x(2).
4
Let c(h) = -8 + h - 8 + 22. Let p = -17 - -5. Let r be (-1 + 2)/(p/(-72)). Calculate c(r).
12
Let f(p) = 594873*p - 594861*p + p**3 + 29 - 28 + 7*p**2. What is f(-3)?
1
Let p(f) = 2*f**2 + 4*f. Suppose -7*v = -15*v. Suppose v*w + 2*i = w + 8, 0 = -w - 5*i + 27. Suppose 0 = 4*n + 10 + w. Calculate p(n).
6
Let o(b) = 22 + 5*b**2 - 4*b**2 + 5 + 16*b - 9 + 28. Determine o(-6).
-14
Let r(j) = -33*j + 24. Let w(y) = 7*y + 1. Let h(i) = -r(i) - 4*w(i). Calculate h(10).
22
Let c(h) = h**2 + 5*h - 10. Let i(g) = -16*g - 11. Let k be i(-4). Suppose 0 = -p - z - 8, 2*z = -5*p - k + 16. Determine c(p).
4
Let g(f) = -f - 7. Let w = 46 + 26. Let j be (-810)/w - 2/(-8). What is g(j)?
4
Let a(j) = 9*j**3 + 18*j**2 + 4*j - 15. Let l(p) = -4*p**3 - 8*p**2 - p + 7. Let o(g) = 3*a(g) + 7*l(g). Suppose 0 = 4*k - 2 + 14. Calculate o(k).
-2
Suppose y - 45 + 3 = -2*m, -m - 4*y = -14. Suppose n - 18 = -4*p, -p - 2*p - 5*n + m = 0. Let f(b) = b**2 + b - p*b + 2*b. Calculate f(-2).
6
Let d(z) be the first derivative of z**4/4 - 10*z**3/3 + 4*z - 6039. Suppose k = -4*j - 0*j - 11, k - 3*j - 3 = 0. Let m be ((-20)/6)/(k/9). What is d(m)?
4
Let z(v) = -59*v - 3. Suppose -569 + 587 = -18*f. Give z(f).
56
Let o be (-66)/(-8) + 20/(-80). Let i(b) = -3*b**2 + 0*b**3 - 2*b**2 + b**3 - b**2 + 6 - o*b. What is i(7)?
-1
Let o(q) be the third derivative of -q**7/2520 + 7*q**6/720 - 52*q**5/15 - 29*q**2. Let j(y) be the third derivative of o(y). Calculate j(7).
-7
Suppose 0 = 4*s + g + 115 - 693, 0 = -2*s - 2*g + 292. Let c = -140 + s. Let r(x) = -x**3 + 3*x**2 + 4*x - 3. Determine r(c).
-3
Let f(j) = 5*j + 32. Let n be f(6). Let w(m) = -65*m - 4*m**2 + 3*m**2 + n*m + 8. Determine w(-7).
-20
Let p(c) = -4*c**2 - 263 - 183*c - 178*c + 357*c + 248 + 5*c**2. Calculate p(-7).
62
Let y(r) be the first derivative of r**5/60 + r**4/12 - 17*r**3/3 + r - 25. Let f(d) be the third derivative of y(d). Calculate f(3).
8
Let f = -28738 + 28732. Let i(u) = u**3 + 7*u**2 + u + 7 + 3*u + 0*u**2. Calculate i(f).
19
Suppose 30 = 17*u - 4 - 0. Let c(t) be the third derivative of 0 - 4*t**u + 0*t + 2/3*t**3 - 1/12*t**4 + 1/60*t**5 + 1/120*t**6. Calculate c(-3).
-8
Let y(s) = 229 - s + 2*s - 231. Let w be (2 - 2)*2/(-4). Suppose 4*x - 2*t + 14 = 0, 4*x - 2*x + 2*t + 4 = w. Calculate y(x).
-5
Let z(d) = -d**3 - 14*d**2 - 14*d - 15. Let k be z(-13). Suppose -7*u - 5 = -12*u. Let a(q) = 2*q**2 + 3 - 5*q**3 + 0*q - q + 7*q**3 - u. Calculate a(k).
-4
Suppose -b + 6 = 4, 4*y - 96 = 4*b. Suppose -24 = -23*q + y*q. Let w(v) = v**2 + 9*v + 2. What is w(q)?
-6
Let l(y) = -y**3 + 24*y**2 + 53*y - 23. Let f be 4/2*(4160/16)/20. Calculate l(f).
3
Let m be -1 - -4 - (-6 + 0 - -4). Let v(o) = -4*o - 6*o - 10*o - m*o + 32*o - 4. Calculate v(3).
17
Suppose 0 = -6*o + 104 - 134. Let d(t) = 10*t**3 + 19*t**2 - 7*t + 2. Let z(w) = -7*w**3 - 13*w**2 + 5*w - 1. Let i(p) = -5*d(p) - 7*z(p). Determine i(o).
22
Let q(p) be the first derivative of 2*p**3/3 + 13*p**2/2 - 75*p - 2991. Give q(-10).
-5
Let y = -2589 - -2574. Let m(u) = -3*u + 47. Give m(y).
92
Let y(j) = 16*j + 2851 - 2819 - 23*j. Calculate y(8).
-24
Let v(f) = -f**2 - 10*f - 14. Let c be (-52 - (3 - 12))*-1. Suppose -62 = 15*g + c. Calculate v(g).
7
Suppose g + 19 = 5*b - 0*g, 8 = b + 4*g. Suppose 4*i - p + 2*p = -21, 3*i - b*p = -11. Let l(m) = 379*m**2 + 5*m - 213*m**2 - 8 + 1 - 165*m**2. Give l(i).
-7
Let g = -98 + 100. Suppose 2*v = -0*v - 2*w, -w + 4 = 2*v. Let i(b) = b - v*b + g*b - 9 - b. Calculate i(-7).
5
Let m(u) = u**3 + 5*u**2 - 2. Let p be m(-1). Suppose 0*t + 4*t = 2*j - 36, 16 = -p*t + 2*j. Let s(v) = -v**2 - 9*v + 13. Give s(t).
3
Let o(r) be the second derivative of 7*r**3/2 + 219*r**2/2 - 11014*r. Determine o(-12).
-33
Let x(c) = -10*c - 27. Let i(o) = 18*o + 50. Let l(j) = -3*i(j) - 5*x(j). Determine l(-3).
-3
Suppose p + 11 = -2*p + 5*j, -7 = -5*p + 2*j. Let s be (-14)/p*18/(-12). Let m(z) = 0 - 1 + 22*z - 23*z + s. What is m(7)?
-1
Let q be 304/57 - ((-2)/(-6))/1. Suppose -q*b - 18 = -28. Let w(h) = 6*h**2 + 6*h + 2. Let k(l) = 17*l**2 + 17*l + 5. Let d(c) = -4*k(c) + 11*w(c). Give d(b).
-10
Let q(z) be the second derivative of z**4/6 - 10*z**3/3 + 25*z**2/2 + 2754*z. Determine q(8).
-7
Let a(p) = -p**2 + 4*p + 6. Let u(o) = 51*o + 17. Let z be u(-16). Let h = 806 + z. Determine a(h).
-15
Suppose -2*z + 201 - 177 = 0. Let q(s) = s**2 - 14*s + 30. What is q(z)?
6
Let a(j) = 3*j - 1. Let n = 68 - 55. Suppose 3*p + 4 = n. Suppose 3*q = 5*f + 8 - 10, -f + 10 = -p*q. Give a(f).
-7
Let l = 767/20712 - -4/863. Let o(t) be the third derivative of l*t**4 + 1/60*t**5 + 0*t + 0 + 14*t**2 - 1/6*t**3 + 1/120*t**6. Determine o(1).
2
Let z(o) = -o**3 - 5*o**2 + 7*o + 6. Let b be -1 + -1 - 70/(-14). Suppose -4 = -b*y - 22. Determine z(y).
0
Let g(u) = -3*u**3 + 3*u**2 - 2*u + 1. Suppose -4 = -2*h, -136 = -11*z + 16*z + 2*h. Let c be (z/(-14))/(2/5) - 3. Calculate g(c).
-15
Suppose 8 = 19*l - 15*l. Let v(b) = 3*b - 133*b**2 - 124*b**2 - 1 + b**3 + 253*b**l. Give v(3).
-1
Let x(l) = 2 + 51*l - 104*l + 51*l + 8. Let a be (-3)/9 - 5/(-15). Suppose 3*d + z - 17 = 0, -3*d + 25 = -z - a*z. Determine x(d).
-4
Let w(d) = -d**3 + 3*d**2 - d + 8. Let u(z) = -4*z**3 + 20*z**2 - 12*z + 46. Let y(i) = u(i) - 6*w(i). Give y(-2).
2
Let l(i) = 6*i**2 + i + 18. Let d = 27179 - 27184. What is l(d)?
163
Let q(u) = 21*u - 73. Let p(b) = -19*b + 74. Let h(g) = -7*p(g) - 6*q(g). Determine h(11).
-3
Let d(x) = -x**3 + x - 2. Let a(y) = -5*y**3 - y**2 + 5*y - 9. Let i be (1 - (7 + -3)) + 7. Let s(w) = i*d(w) - a(w). Calculate s(2).
11
Let i(b) = b**3 + b + 6. Let w be (-13)/65 + (-36)/(-5). Let c be 12/2 + -8 + 4. Suppose -w*j + c*j = -0*j. Give i(j).
6
Suppose 0 = -34*y - y - 47*y + 574. Let j(z) be the second derivative of 0*z**2 + y*z + 0*z**3 + 0 - 3/20*z**5 + 1/12*z**4. Determine j(1).
-2
Let m(t) = -2*t**2 + 8*t + 7. Let r(p) be the second derivative of p**4/4 - 3*p**3/2 - 4*p**2 - 6*p - 4. Let s(u) = 4*m(u) + 3*r(u). Calculate s(-5).
4
Let l(z) = -z**3 + 3*z**2 - z + 2. Suppose 5*h - 20 = 5*n - 0*h, -h = -3*n - 8. Let t be -5 + 8 - (-2 - n). Give l(t).
-1
Let m(p) be the third derivative of p**6/120 + p**5/12 - p**4/24 + p**3/3 - 39*p**2 + 53*p. Let w = 4 + -9. Determine m(w).
7
Let w(z) = z**2 + 6*z - 2. Let f(q) = -q**3 + 3*q**2 + 14*q - 12. Let l be f(5). Let b(v) = l*v**2 - 6*v**2 - 8 - 6*v - 5. Let d be b(4). Determine w(d).
-7
Let f(m) = m**2 - 9*m - 3. Let r = 511 + -517. Let y be (3 - 12)*6/r. What is f(y)?
-3
Let h = -3861 + 3846. Let v(t) = t**3 + 16*t**2 + 17*t - 9. Calculate v(h).
-39
